 Calculate the greatest common factor of 8 and b.
8
Let n(s) = -s**3 + 3*s**2 + 5*s - 4. Let x be n(3). Let k be 3*((-12)/9)/(-2). Let q be k/6 - (-12)/18. Calculate the greatest common divisor of q and x.
1
Suppose 5*p = 17 + 23. What is the greatest common divisor of p and 56?
8
Suppose 2*q = -2*w + 4*w - 122, q = -3*w + 163. Calculate the highest common divisor of 28 and w.
28
Let h be 25/3 - (-2)/3. Suppose -2*q = -5*s + 5, -s = -2*q - 2 + h. Let c be -7*(2 + (-17)/7). Calculate the highest common divisor of s and c.
3
Suppose 2*w - 185 = 3*c, -5*c = -2*w + 3*w - 73. What is the highest common divisor of w and 8?
8
Let q(m) = -m**2 - 11. Let i be q(0). Let y = i + 21. Calculate the greatest common divisor of y and 60.
10
Let l(p) = -7*p + 1. Let d = 0 - 1. Let s be l(d). Let i be 4/(8/6) - 2. What is the highest common factor of i and s?
1
Suppose 3*k - 165 = -2*k. What is the highest common divisor of k and 231?
33
Suppose -6*k + k = -120. Suppose -26*p = -15*p - 264. What is the greatest common factor of p and k?
24
Suppose 7*v - 2*v - 1845 = 0. Suppose -4*m - v = -7*m. Suppose 0 = 4*z + u - m, 3*z - 67 - 26 = -u. Calculate the highest common factor of 15 and z.
15
Suppose -4*s + 60 = -4*k, -3*s + 2*k + 50 = 4*k. What is the highest common divisor of s and 16?
16
Suppose 3*h - 435 = -120. Calculate the highest common factor of h and 42.
21
Let i(f) = -4*f**3 - f**2 - f - 1. Let j be i(-1). Suppose 0 = 2*o + j*d - 92, -4*o = -o + 2*d - 128. Calculate the highest common factor of o and 8.
8
Let b(z) = -31*z + 4. Let m be b(-4). Let f(k) = -6*k - 14. Let r be f(-5). Calculate the greatest common divisor of m and r.
16
Suppose 26 = 2*t + 5*r - 6, -4*t + 2*r + 112 = 0. Calculate the greatest common divisor of 13 and t.
13
Let b = 106 + -20. Calculate the greatest common divisor of 43 and b.
43
Suppose 0 = -2*x - 0*x + 130. Let r = -66 - -79. What is the highest common factor of r and x?
13
Let q = -13 + 21. What is the highest common factor of q and 1?
1
Let z(w) = -5*w - 6. Let h(o) = 21*o + 25. Let u(t) = 6*h(t) + 26*z(t). Let k be u(-7). Let q be 2/3 + 8/6. Calculate the greatest common factor of q and k.
2
Suppose 0*a + 49 = 7*a. What is the highest common factor of 49 and a?
7
Suppose 5*c - 246 = 159. Suppose 9 = -9*w + 10*w. Calculate the greatest common factor of c and w.
9
Let z be (-36)/(-6) + (-2 - 0). Let b(v) = 14*v**2 - 2. Let r be b(z). Suppose -174 = -3*c + r. Calculate the highest common factor of c and 12.
12
Let a = -16 + 10. Let q = a - -15. What is the greatest common factor of q and 81?
9
Let f be (3 - 2) + -1 + 3. Suppose 0 = -4*k - 4*h + 76, 4*h + 75 = f*k + h. Let j be (-66)/4*(-10)/15. What is the highest common factor of k and j?
11
Let s(f) = 32*f**2. Let q be s(1). What is the greatest common factor of 48 and q?
16
Suppose 9*u - 81 = 6*u. What is the highest common divisor of 3 and u?
3
Suppose -2*p + 18 = 8. Suppose -5*n = 3*r - 15, 12 - 2 = 2*r - p*n. What is the greatest common factor of r and 2?
1
Let f be (-1 - 0)*(-20 + 1). Let u(m) = 72*m + 4. Let n be u(-3). Let a = -60 - n. What is the greatest common divisor of f and a?
19
Let z = 1 - 1. Suppose z = -0*n - 2*n + 32. Let a(u) = 5*u - 1. Let o be a(5). What is the greatest common divisor of o and n?
8
Suppose 6 = i - 2*i. Let j = -2 + i. Let u(f) = -f**2 - 11*f + 4. Let k be u(j). What is the greatest common divisor of k and 7?
7
Let b = -65 - -8. Let j be 0 - 3 - (b + -2). Calculate the greatest common divisor of j and 14.
14
Let m = 21 + -13. Suppose q + 40 = 6*q. Suppose -q = y - 16. What is the highest common factor of y and m?
8
Suppose 6 + 3 = w. Let s = 17 - w. Suppose -3*k - 2*n + 20 = 2*n, s = 4*n. Calculate the greatest common factor of k and 28.
4
Suppose 2*h + 79 = 97. Let v be (5 + -2)*1*33. Calculate the highest common divisor of h and v.
9
Let j be 56/10 - (-20)/50. What is the highest common divisor of j and 54?
6
Suppose -6 = -2*v, 14 = h + 5*v - 10. Let w be (36/16)/(2/8). What is the highest common factor of w and h?
9
Let y = 107 + -26. Suppose -106 = -2*z - 2*m, -z = -3*m - 13 - 44. What is the highest common divisor of y and z?
27
Suppose -5*v + 20 = -0*v. Suppose -7*h = -9*h + 96. Suppose -r - h = -v*r. Calculate the highest common factor of r and 176.
16
Suppose l + 44 = 2. Let g be l/(-8) + (-2)/8. Suppose g*s - 35 = 3*f, -2*s + 6*s - 5*f - 15 = 0. Calculate the greatest common divisor of s and 25.
5
Let n(u) = 2*u - 8. Let y be 3*(-7)/(-9)*3. Let s be n(y). Let z = 20 - s. What is the greatest common divisor of z and 7?
7
Let g = 2 + -3. Let j be 21/35*(-5)/g. Calculate the highest common factor of j and 18.
3
Let t = -29 - -34. Calculate the highest common factor of t and 45.
5
Suppose -3*m = 13 - 7. Let z be 1 + -1 + (-72)/m. Suppose -31 = -5*q + 14. Calculate the greatest common divisor of q and z.
9
Let f(v) = 55*v - 18. Let l(o) = 28*o - 9. Let c(i) = 3*f(i) - 7*l(i). Let r be c(-4). What is the greatest common factor of 19 and r?
19
Let z = 12 - 8. Let a = z + 12. Let m = 38 + -22. Calculate the greatest common factor of m and a.
16
Suppose -2*p - j + 25 + 12 = 0, 4*j - 22 = -p. What is the highest common factor of p and 162?
18
Let b = -5 + 8. Suppose 5*l - 65 = -a, 2*l = -b*l + 2*a + 50. Suppose 0*n = -3*n + 90. Calculate the greatest common divisor of l and n.
6
Let j(b) = -b**2 + 9*b - 3. Suppose 4*k = -0*k + 32. Let m be j(k). What is the greatest common factor of 5 and m?
5
Let z be (0/(-1))/((-10)/(-10)). Suppose -4 = -2*y - 2*m, z*m = -2*y - 3*m + 4. What is the highest common factor of 16 and y?
2
Let u(z) = 24*z - 10. Let m be u(4). Calculate the greatest common divisor of 215 and m.
43
Suppose -2*a + 113 = -2*v + 35, 2*a - v - 75 = 0. Suppose 0 = -0*j + 2*j - 18. Calculate the highest common factor of j and a.
9
Let y be (-46)/(-10) + (-9)/15. Suppose 2*h - u = -5*u + 14, -h = y*u - 5. What is the highest common divisor of h and 18?
9
Let l be (-2)/(6/(-139))*-3. Let i be 3 - (208 + (-3 - -3)). Let j = l - i. What is the greatest common divisor of j and 6?
6
Let w = 199 + -127. What is the greatest common factor of 9 and w?
9
Let u = 4 + -7. Let x be (-6)/((-1)/(-1) + u). Let p be 62 - (-1 - (-1 + x)). What is the greatest common factor of 26 and p?
13
Let v = -19 - -69. Calculate the greatest common factor of v and 10.
10
Suppose 18*v = 16*v + 180. Calculate the highest common divisor of 36 and v.
18
Let r = 8 + 0. Let s = -43 - -73. Let c be (-4)/r - s/(-4). Calculate the greatest common factor of 7 and c.
7
Let t(h) = h + 20. Let r be t(19). What is the highest common factor of 52 and r?
13
Let m(g) = 5*g - 3 + 4 - 6*g. Let d be m(-1). Suppose d*u - a = -0*a + 30, 2*a + 73 = 5*u. What is the highest common factor of 104 and u?
13
Let y(b) = 2*b**2 - 5 - 4*b + 5 + b**2 + 2. Let k be y(2). Calculate the greatest common divisor of k and 15.
3
Let o be -4*(28/(-8) + 4) - -8. Let f = 131 - 65. Suppose f = -5*y + 246. What is the greatest common factor of o and y?
6
Suppose 5*h - h - 192 = 0. Suppose -8*u = -j - 4*u + 3, 3*j - h = -u. What is the greatest common factor of j and 15?
15
Let f be 22/11 + 5 + 0. Suppose 0 = -d - 4*h - f, 5*d - 21 = 5*h + 44. Calculate the highest common factor of 9 and d.
9
Let q(k) = -174*k**3 + k**2. Let l be q(-1). Let h = 301 - l. What is the highest common divisor of 14 and h?
14
Let t(k) = 10*k + 6 - k**2 + 8 - 9. Let g be t(8). What is the greatest common divisor of g and 21?
21
Suppose 2*n - 8 = 14. Let b(f) = f + 16. Let i be b(n). What is the highest common divisor of 18 and i?
9
Let w = -4 - -6. Suppose -3*n - w*n + 54 = i, -2*i = -2*n - 132. Suppose -g - i = -5*g. What is the highest common divisor of 4 and g?
4
Let m = 31 + -11. Calculate the highest common factor of 80 and m.
20
Let u(j) = j**2 + j - 28. Let k be u(0). Let c = -15 - k. Calculate the highest common factor of 13 and c.
13
Suppose 4*d - 2*z - 144 = 0, -3*d - 99 = -6*d - 3*z. Let y(w) = w + 2. Let r be y(12). Suppose r = q + q. What is the highest common factor of d and q?
7
Suppose 4*c - c = 4*m - 24, m - 2*c = 6. Let i(y) = -y**3 + 7*y**2 + 2*y + 2. Let z be i(m). What is the highest common factor of z and 25?
25
Let z(v) = -6*v**2 + 4*v + 4 + 4*v - v - 11*v - 2*v**3. Let m be z(-3). What is the highest c